{"id":1328,"date":"2023-08-11T09:15:13","date_gmt":"2023-08-11T09:15:13","guid":{"rendered":"https:\/\/k-si.dk\/?page_id=1328"},"modified":"2023-09-13T09:12:37","modified_gmt":"2023-09-13T09:12:37","slug":"projektering","status":"publish","type":"page","link":"https:\/\/k-si.dk\/index.php\/projektering\/","title":{"rendered":"Projektering"},"content":{"rendered":"<div class=\"wpb-content-wrapper\"><p>[vc_row][vc_column]<div id=\"ult-carousel-175193364569e34bdfd0945\" class=\"ult-carousel-wrapper   ult_horizontal\" data-gutter=\"15\" data-rtl=\"false\" ><div class=\"ult-carousel-301574786869e34bdfd08a5 \" ><\/div><\/div>\t\t\t<script type=\"text\/javascript\">\n\t\t\t\tjQuery(document).ready(function ($) {\n\t\t\t\t\tif( typeof jQuery('.ult-carousel-301574786869e34bdfd08a5').slick == \"function\"){\n\t\t\t\t\t\t$('.ult-carousel-301574786869e34bdfd08a5').slick({dots: true,autoplay: true,autoplaySpeed: \"5000\",speed: \"300\",infinite: true,arrows: true,nextArrow: '<button type=\"button\" role=\"button\" aria-label=\"Next\" style=\"color:#333333; font-size:20px;\" class=\"slick-next default\"><i class=\"ultsl-arrow-right4\"><\/i><\/button>',prevArrow: '<button type=\"button\" role=\"button\" aria-label=\"Previous\" style=\"color:#333333; font-size:20px;\" class=\"slick-prev default\"><i class=\"ultsl-arrow-left4\"><\/i><\/button>',slidesToScroll:5,slidesToShow:5,swipe: true,draggable: true,touchMove: true,pauseOnHover: true,pauseOnFocus: false,responsive: [\n\t\t\t\t\t\t\t{\n\t\t\t\t\t\t\t  breakpoint: 1026,\n\t\t\t\t\t\t\t  settings: {\n\t\t\t\t\t\t\t\tslidesToShow: 5,\n\t\t\t\t\t\t\t\tslidesToScroll: 5,  \n\t\t\t\t\t\t\t  }\n\t\t\t\t\t\t\t},\n\t\t\t\t\t\t\t{\n\t\t\t\t\t\t\t  breakpoint: 1025,\n\t\t\t\t\t\t\t  settings: {\n\t\t\t\t\t\t\t\tslidesToShow: 3,\n\t\t\t\t\t\t\t\tslidesToScroll: 3\n\t\t\t\t\t\t\t  }\n\t\t\t\t\t\t\t},\n\t\t\t\t\t\t\t{\n\t\t\t\t\t\t\t  breakpoint: 760,\n\t\t\t\t\t\t\t  settings: {\n\t\t\t\t\t\t\t\tslidesToShow: 2,\n\t\t\t\t\t\t\t\tslidesToScroll: 2\n\t\t\t\t\t\t\t  }\n\t\t\t\t\t\t\t}\n\t\t\t\t\t\t],pauseOnDotsHover: true,customPaging: function(slider, i) {\n                   return '<i type=\"button\" style= \"color:#333333;\" class=\"ultsl-record\" data-role=\"none\"><\/i>';\n                },});\n\t\t\t\t\t}\n\t\t\t\t});\n\t\t\t<\/script>\n\t\t\t[\/vc_column][\/vc_row][vc_row][vc_column]<div class=\"ult-spacer spacer-69e34bdfd0977\" data-id=\"69e34bdfd0977\" data-height=\"40\" data-height-mobile=\"30\" data-height-tab=\"30\" data-height-tab-portrait=\"30\" data-height-mobile-landscape=\"30\" style=\"clear:both;display:block;\"><\/div>[\/vc_column][\/vc_row][vc_row][vc_column width=&#8221;1\/2&#8243;][vc_column_text el_class=&#8221;fontSize&#8221;]<\/p>\n<div class=\"column step-3-12\">\n<div id=\"site-container-22065\" class=\"Container ModuleElement Textarea con-126 \" data-snap=\"1\" data-containertype=\"Textarea\" data-moduleelement=\"7648\">\n<div class=\"Module-7648 Textarea\">\n<h2>PROJEKTERING<\/h2>\n<\/div>\n<\/div>\n<\/div>\n<div class=\"column step-3-12\">\n<div id=\"site-container-22869\" class=\"Container Placeholder con-58 \" data-snap=\"1\">\n<div class=\"row\">\n<div class=\"column step-3-12 step-2-6\">\n<div id=\"site-container-22868\" class=\"Container Placeholder con-98 \" data-snap=\"1\">\n<div class=\"row\">\n<div class=\"column step-3-11\">\n<div id=\"site-container-22867\" class=\"Container ModuleElement Textarea con-127 \" data-snap=\"1\" data-containertype=\"Textarea\" data-moduleelement=\"7848\">\n<h3 class=\"Module-7848 Textarea\">FORDELE\u200b<\/h3>\n<p class=\"\">\u200bEn stor fordel ved at anvende Kolding St\u00e5lindustri til design er, at vi f\u00e5r det gode h\u00e5ndv\u00e6rk og den effektive fremstilling indarbejdet fra starten.<\/p>\n<p class=\"\">Vi anvender Autodesk produkter som bla. INVENTOR og REVIT til 3D design, simulering, FEM analyse, dokumentation og tegninger.<\/p>\n<p class=\"\">\u200b<\/p>\n<h3>HAR DU SELV SKITSER<\/h3>\n<p class=\"\">Eller grundl\u00e6ggende specifikationer i form af ideer, koncepter eller fotos\u200b, s\u00e5 kom til Anker St\u00e5lindustri, vi kan sikre at du n\u00e5r frem til den f\u00e6rdige l\u00f8sning.<\/p>\n<p class=\"\">\u200b<\/p>\n<h3>VI PROJEKTERER<\/h3>\n<p class=\"\">Designer og beregner f\u00f8lgende:<\/p>\n<ul>\n<li>B\u00e6rende konstruktion (st\u00e5l, aluminium mm)<\/li>\n<li>Bygningskonstruktioner (trapper, platforme, repos, gel\u00e6nder, b\u00e6rende bj\u00e6lker mm)<\/li>\n<\/ul>\n<\/div>\n<\/div>\n<\/div>\n<\/div>\n<\/div>\n<\/div>\n<\/div>\n<\/div>\n<p>[\/vc_column_text][\/vc_column][vc_column width=&#8221;1\/2&#8243;]<div class=\"ult-spacer spacer-69e34bdfd0983\" data-id=\"69e34bdfd0983\" data-height=\"0\" data-height-mobile=\"15\" data-height-tab=\"0\" data-height-tab-portrait=\"0\" data-height-mobile-landscape=\"15\" style=\"clear:both;display:block;\"><\/div>[vc_single_image image=&#8221;1283&#8243; img_size=&#8221;full&#8221;][\/vc_column][\/vc_row]<\/p>\n<\/div>","protected":false},"excerpt":{"rendered":"<p>[vc_row][vc_column][\/vc_column][\/vc_row][vc_row][vc_column][\/vc_column][\/vc_row][vc_row][vc_column width=&#8221;1\/2&#8243;][vc_column_text el_class=&#8221;fontSize&#8221;] PROJEKTERING FORDELE\u200b \u200bEn stor fordel ved at anvende Kolding St\u00e5lindustri til design er, at vi f\u00e5r det gode h\u00e5ndv\u00e6rk og den effektive fremstilling indarbejdet fra starten. Vi anvender Autodesk produkter som bla. INVENTOR og REVIT til 3D design, simulering, FEM analyse, dokumentation og tegninger. \u200b HAR DU SELV SKITSER Eller grundl\u00e6ggende specifikationer&hellip;<\/p>\n","protected":false},"author":2,"featured_media":0,"parent":0,"menu_order":0,"comment_status":"closed","ping_status":"closed","template":"","meta":{"footnotes":""},"class_list":["post-1328","page","type-page","status-publish","hentry","description-off"],"_links":{"self":[{"href":"https:\/\/k-si.dk\/index.php\/wp-json\/wp\/v2\/pages\/1328","targetHints":{"allow":["GET"]}}],"collection":[{"href":"https:\/\/k-si.dk\/index.php\/wp-json\/wp\/v2\/pages"}],"about":[{"href":"https:\/\/k-si.dk\/index.php\/wp-json\/wp\/v2\/types\/page"}],"author":[{"embeddable":true,"href":"https:\/\/k-si.dk\/index.php\/wp-json\/wp\/v2\/users\/2"}],"replies":[{"embeddable":true,"href":"https:\/\/k-si.dk\/index.php\/wp-json\/wp\/v2\/comments?post=1328"}],"version-history":[{"count":7,"href":"https:\/\/k-si.dk\/index.php\/wp-json\/wp\/v2\/pages\/1328\/revisions"}],"predecessor-version":[{"id":1568,"href":"https:\/\/k-si.dk\/index.php\/wp-json\/wp\/v2\/pages\/1328\/revisions\/1568"}],"wp:attachment":[{"href":"https:\/\/k-si.dk\/index.php\/wp-json\/wp\/v2\/media?parent=1328"}],"curies":[{"name":"wp","href":"https:\/\/api.w.org\/{rel}","templated":true}]}}